emainder when 79 is divided by 30.
19
What is the remainder when 549 is divided by 166?
51
Calculate the remainder when 8095 is divided by 22.
21
Calculate the remainder when 11073 is divided by 213.
210
What is the remainder when 314 is divided by 10?
4
Calculate the remainder when 593 is divided by 27.
26
What is the remainder when 35431 is divided by 86?
85
What is the remainder when 187 is divided by 39?
31
What is the remainder when 516 is divided by 60?
36
Calculate the remainder when 233 is divided by 80.
73
Calculate the remainder when 112 is divided by 30.
22
What is the remainder when 587 is divided by 220?
147
Calculate the remainder when 94 is divided by 32.
30
Calculate the remainder when 262 is divided by 24.
22
What is the remainder when 1421 is divided by 62?
57
Calculate the remainder when 198 is divided by 50.
48
What is the remainder when 622 is divided by 98?
34
What is the remainder when 29 is divided by 7?
1
What is the remainder when 1362 is divided by 35?
32
Calculate the remainder when 74 is divided by 55.
19
What is the remainder when 185 is divided by 40?
25
Calculate the remainder when 426 is divided by 205.
16
Calculate the remainder when 12 is divided by 11.
1
Calculate the remainder when 2663 is divided by 74.
73
Calculate the remainder when 1541 is divided by 416.
293
Calculate the remainder when 19 is divided by 13.
6
Calculate the remainder when 177 is divided by 47.
36
What is the remainder when 2329 is divided by 37?
35
What is the remainder when 1046 is divided by 50?
46
What is the remainder when 349 is divided by 92?
73
What is the remainder when 140 is divided by 99?
41
What is the remainder when 173 is divided by 54?
11
What is the remainder when 204 is divided by 17?
0
Calculate the remainder when 938 is divided by 20.
18
What is the remainder when 195 is divided by 50?
45
What is the remainder when 358 is divided by 165?
28
Calculate the remainder when 121 is divided by 29.
5
Calculate the remainder when 390 is divided by 71.
35
Calculate the remainder when 3118 is divided by 48.
46
Calculate the remainder when 170 is divided by 134.
36
What is the remainder when 549 is divided by 12?
9
What is the remainder when 7914 is divided by 107?
103
What is the remainder when 558 is divided by 138?
6
Calculate the remainder when 360 is divided by 73.
68
Calculate the remainder when 1323 is divided by 25.
23
What is the remainder when 868 is divided by 8?
4
What is the remainder when 3205 is divided by 640?
5
What is the remainder when 156 is divided by 58?
40
What is the remainder when 12938 is divided by 20?
18
Calculate the remainder when 1014 is divided by 30.
24
Calculate the remainder when 145 is divided by 22.
13
What is the remainder when 57 is divided by 34?
23
What is the remainder when 11666 is divided by 25?
16
What is the remainder when 1155 is divided by 116?
111
What is the remainder when 2232 is divided by 21?
6
What is the remainder when 117 is divided by 30?
27
What is the remainder when 557 is divided by 35?
32
Calculate the remainder when 221 is divided by 28.
25
Calculate the remainder when 69 is divided by 8.
5
What is the remainder when 2048 is divided by 343?
333
Calculate the remainder when 79 is divided by 44.
35
What is the remainder when 256 is divided by 181?
75
Calculate the remainder when 235 is divided by 48.
43
What is the remainder when 2572 is divided by 56?
52
What is the remainder when 60 is divided by 23?
14
What is the remainder when 71 is divided by 32?
7
What is the remainder when 229 is divided by 40?
29
Calculate the remainder when 17 is divided by 12.
5
Calculate the remainder when 58559 is divided by 160.
159
What is the remainder when 33 is divided by 22?
11
What is the remainder when 133 is divided by 29?
17
Calculate the remainder when 117 is divided by 7.
5
Calculate the remainder when 1288 is divided by 43.
41
Calculate the remainder when 724 is divided by 146.
140
Calculate the remainder when 836 is divided by 306.
224
What is the remainder when 17 is divided by 5?
2
Calculate the remainder when 645 is divided by 14.
1
Calculate the remainder when 3862 is divided by 56.
54
Calculate the remainder when 220 is divided by 12.
4
What is the remainder when 967 is divided by 99?
76
Calculate the remainder when 567 is divided by 19.
16
What is the remainder when 5433 is divided by 320?
313
Calculate the remainder when 65 is divided by 23.
19
What is the remainder when 662 is divided by 13?
12
Calculate the remainder when 144 is divided by 57.
30
Calculate the remainder when 7292 is divided by 33.
32
What is the remainder when 78 is divided by 29?
20
Calculate the remainder when 2190 is divided by 2.
0
Calculate the remainder when 505 is divided by 102.
97
Calculate the remainder when 198 is divided by 53.
39
Calculate the remainder when 81 is divided by 63.
18
Calculate the remainder when 193 is divided by 76.
41
What is the remainder when 724 is divided by 20?
4
What is the remainder when 161 is divided by 37?
13
Calculate the remainder when 2023 is divided by 22.
21
Calculate the remainder when 343 is divided by 339.
4
What is the remainder when 5126 is divided by 151?
143
Calculate the remainder when 25499 is divided by 41.
38
What is the remainder when 194 is divided by 88?
18
What is the remainder when 55 is divided by 5?
0
Calculate the remainder when 4854 is divided by 43.
38
What is the remainder when 647 is divided by 72?
71
Calculate the remainder when 997 is divided by 9.
7
Calculate the remainder when 1886 is divided by 127.
108
Calculate the remainder when 949 is divided by 38.
37
Calculate the remainder when 2135 is divided by 22.
1
Calculate the remainder when 311 is divided by 8.
7
What is the remainder when 49 is divided by 13?
10
Calculate the remainder when 260 is divided by 30.
20
What is the remainder when 68 is divided by 57?
11
Calculate the remainder when 111 is divided by 46.
19
Calculate the remainder when 70 is divided by 14.
0
Calculate the remainder when 51 is divided by 22.
7
What is the remainder when 704 is divided by 47?
46
What is the remainder when 104 is divided by 50?
4
Calculate the remainder when 1906 is divided by 68.
2
Calculate the remainder when 165 is divided by 34.
29
Calculate the remainder when 1122 is divided by 214.
52
What is the remainder when 486 is divided by 72?
54
Calculate the remainder when 47 is divided by 7.
5
Calculate the remainder when 121 is divided by 21.
16
Calculate the remainder when 1942 is divided by 14.
10
Calculate the remainder when 49 is divided by 27.
22
What is the remainder when 365 is divided by 16?
13
What is the remainder when 112 is divided by 20?
12
What is the remainder when 225 is divided by 58?
51
Calculate the remainder when 270 is divided by 143.
127
Calculate the remainder when 1021 is divided by 33.
31
Calculate the remainder when 707 is divided by 46.
17
What is the remainder when 38 is divided by 25?
13
Calculate the remainder when 1594 is divided by 25.
19
Calculate the remainder when 108 is divided by 86.
22
What is the remainder when 1258 is divided by 10?
8
What is the remainder when 459 is divided by 94?
83
Calculate the remainder when 10939 is divided by 38.
33
What is the remainder when 253 is divided by 249?
4
What is the remainder when 68 is divided by 16?
4
Calculate the remainder when 6596 is divided by 3297.
2
Calculate the remainder when 6893 is divided by 7.
5
What is the remainder when 412 is divided by 38?
32
Calculate the remainder when 5312 is divided by 33.
32
Calculate the remainder when 112 is divided by 17.
10
Calculate the remainder when 1033 is divided by 47.
46
Calculate the remainder when 259 is divided by 32.
3
What is the remainder when 412 is divided by 389?
23
What is the remainder when 1082 is divided by 1026?
56
Calculate the remainder when 9918 is divided by 55.
18
Calculate the remainder when 656 is divided by 35.
26
What is the remainder when 281 is divided by 31?
2
What is the remainder when 731 is divided by 122?
121
What is the remainder when 616 is divided by 158?
142
What is the remainder when 143 is divided by 36?
35
Calculate the remainder when 740 is divided by 31.
27
What is the remainder when 1091 is divided by 42?
41
Calculate th